{"id":270,"date":"2010-04-08T10:45:39","date_gmt":"2010-04-08T08:45:39","guid":{"rendered":"http:\/\/www.ism.com.pl\/?page_id=270"},"modified":"2014-02-07T12:27:04","modified_gmt":"2014-02-07T11:27:04","slug":"reklama","status":"publish","type":"page","link":"https:\/\/www.ism.com.pl\/index.php\/reklama\/","title":{"rendered":"Reklama w Internecie"},"content":{"rendered":"<p><span style=\"font-family: Arial,sans-serif;\">Wysokim wymaganiom wsp\u00f3\u0142czesnego rynku mog\u0105 sprosta\u0107 wy\u0142\u0105cznie niestandardowe dzia\u0142ania i oryginalne rozwi\u0105zania. Realizujemy przedsi\u0119wzi\u0119cia marketingowe w internecie gwarantuj\u0105ce naszym klientom osi\u0105gni\u0119cie sukcesu. Tworzymy narz\u0119dzia i wprowadzamy skuteczne techniki komunikowania si\u0119 z otoczeniem. Dla naszych partner\u00f3w najwa\u017cniejsze jest to, \u017ce o reklamie w internecie m\u00f3wimy ludzkim g\u0142osem.<\/span><\/p>\n<p><strong><span style=\"font-family: Arial,sans-serif;\">OFERTA<\/span><\/strong><\/p>\n<p><strong><span style=\"font-family: Arial, sans-serif;\">Planowanie, kreacja i <\/span>prowadzenie kampanii reklamowych<span style=\"font-family: Arial, sans-serif;\"> oraz badanie ich skuteczno\u015bci:<\/span><\/strong><\/p>\n<ul>\n<li>Boksy reklamowe w wyszukiwarkach\u00a0oraz na stronach tematycznych &#8211; skuteczna forma reklamy niezale\u017cnie od profilu oraz obszaru dzia\u0142alno\u015bci,<\/li>\n<li>Pozycjonowanie stron w us\u0142ugach wyszukiwania &#8211; najlepsza forma dotarcia do klient\u00f3w poszukuj\u0105cych specjalistycznych produkt\u00f3w lub us\u0142ug niezale\u017cnie od obszaru dzia\u0142ania,<\/li>\n<li>Pozycjonowanie stron w us\u0142udze mapy Google &#8211; forma prezentacji najlepsza dla firm prowadz\u0105cych dzia\u0142alno\u015b\u0107 na \u015bci\u015ble okre\u015blonym obszarze (miasto, region, wojew\u00f3dztwo).<\/li>\n<\/ul>\n<p><strong><span style=\"font-family: Arial, sans-serif;\">Kreacja wizerunku i marki z wykorzystaniem medi\u00f3w elektronicznych:<\/span><\/strong><\/p>\n<ul>\n<li>pe\u0142n\u0105 realizacj\u0119 film\u00f3w reklamowych dedykowanych do zamieszczenia na stronach internetowych.<\/li>\n<li>zarz\u0105dzanie marketingiem elektronicznym w przedsi\u0119biorstwie.<\/li>\n<\/ul>\n<p>&nbsp;<\/p>\n<p>Reklama internetowa jest obecnie najbardziej skuteczn\u0105 form\u0105 reklamy dla ma\u0142ych i \u015brednich przedsi\u0119biorstw.\u00a0Przewaga reklamy internetowej widoczna jest najbardziej w trzech aspektach:<\/p>\n<ul>\n<li>najni\u017csze koszty pozyskania klienta,<\/li>\n<li>maksymalne ukierunkowanie reklamy na klient\u00f3w szukaj\u0105cych konkretnego produktu lub us\u0142ugi,<\/li>\n<li>pe\u0142na kontrola skuteczno\u015bci reklamy i koszt\u00f3w.<\/li>\n<\/ul>\n<div>\n<p><strong>PROJEKTY<\/strong><\/p>\n<ul>\n<li>stworzyli\u015bmy strategie marketingow\u0105 rozpoznawalnych na rynku marek i instytucji,<\/li>\n<li>wykreowali\u015bmy zdarzenia, kt\u00f3re na sta\u0142e wpisa\u0142y si\u0119 w pejza\u017c marketingowy,<\/li>\n<li>uczestniczymy w promocji firm \u00a0PRESIDENT, INTEK, LAFAYETTE i MIDLAND,<\/li>\n<li>jeste\u015bmy odpowiedzialni za strategi\u0119 sprzeda\u017cy detalicznej min. z ALU-S.V GROUP, POMMIER Polska,<\/li>\n<li>na sta\u0142e wsp\u00f3\u0142pracujemy z firmami \u00a0KENWOOD, JUNKERS, ELFA, PURMO i VAILLANT<\/li>\n<li>poszerzamy udzia\u0142 rynkowy marek\u00a0SCAME i CARPE NOCTEM,<\/li>\n<\/ul>\n<\/div>\n<p><strong><a title=\"Kontakt\" href=\"http:\/\/www.ism.com.pl\/index.php\/kontakt\/\">Zadzwo\u0144 teraz aby dowiedzie\u0107 si\u0119 jak Twoja firma mo\u017ce zdoby\u0107 nowych klient\u00f3w&#8230;<\/a><\/strong><\/p>\n","protected":false},"excerpt":{"rendered":"<p>Wysokim wymaganiom wsp\u00f3\u0142czesnego rynku mog\u0105 sprosta\u0107 wy\u0142\u0105cznie niestandardowe dzia\u0142ania i oryginalne rozwi\u0105zania. Realizujemy przedsi\u0119wzi\u0119cia marketingowe w internecie gwarantuj\u0105ce naszym klientom osi\u0105gni\u0119cie sukcesu. Tworzymy narz\u0119dzia i wprowadzamy skuteczne techniki komunikowania si\u0119 z otoczeniem. Dla naszych partner\u00f3w najwa\u017cniejsze jest to, \u017ce o reklamie w internecie m\u00f3wimy ludzkim g\u0142osem. OFERTA Planowanie, kreacja i prowadzenie kampanii reklamowych oraz badanie [&hellip;]<\/p>\n","protected":false},"author":5,"featured_media":0,"parent":0,"menu_order":4,"comment_status":"open","ping_status":"open","template":"","meta":[],"aioseo_notices":[],"_links":{"self":[{"href":"https:\/\/www.ism.com.pl\/index.php\/wp-json\/wp\/v2\/pages\/270"}],"collection":[{"href":"https:\/\/www.ism.com.pl\/index.php\/wp-json\/wp\/v2\/pages"}],"about":[{"href":"https:\/\/www.ism.com.pl\/index.php\/wp-json\/wp\/v2\/types\/page"}],"author":[{"embeddable":true,"href":"https:\/\/www.ism.com.pl\/index.php\/wp-json\/wp\/v2\/users\/5"}],"replies":[{"embeddable":true,"href":"https:\/\/www.ism.com.pl\/index.php\/wp-json\/wp\/v2\/comments?post=270"}],"version-history":[{"count":23,"href":"https:\/\/www.ism.com.pl\/index.php\/wp-json\/wp\/v2\/pages\/270\/revisions"}],"predecessor-version":[{"id":1579,"href":"https:\/\/www.ism.com.pl\/index.php\/wp-json\/wp\/v2\/pages\/270\/revisions\/1579"}],"wp:attachment":[{"href":"https:\/\/www.ism.com.pl\/index.php\/wp-json\/wp\/v2\/media?parent=270"}],"curies":[{"name":"wp","href":"https:\/\/api.w.org\/{rel}","templated":true}]}}