{"id":268,"date":"2010-04-08T10:42:19","date_gmt":"2010-04-08T08:42:19","guid":{"rendered":"http:\/\/www.ism.com.pl\/?page_id=268"},"modified":"2012-02-16T15:57:50","modified_gmt":"2012-02-16T13:57:50","slug":"sprzedaz-ism","status":"publish","type":"page","link":"https:\/\/www.ism.com.pl\/index.php\/sklepy-internetowe\/sprzedaz-ism\/","title":{"rendered":"Wdro\u017cenia"},"content":{"rendered":"<p><span style=\"font-family: Arial,sans-serif;\">Nasz\u0105 specjalno\u015bci\u0105 sta\u0142y si\u0119 elektroniczne systemy wsparcia sprzeda\u017cy z wykorzystaniem nowoczesnych rozwi\u0105za\u0144 informatycznych. Efekt w postaci rosn\u0105cej geometrycznie sprzeda\u017cy, to po\u0142\u0105czenie wysokiej technologii, bezpo\u015bredniej wsp\u00f3\u0142pracy z producentami i dystrybutorami oraz zaawansowanych rozwi\u0105za\u0144 logistycznych. <\/span><\/p>\n<p><strong><span style=\"font-family: Arial,sans-serif;\">OFERTA<\/span><\/strong><\/p>\n<ul>\n<li><span style=\"font-family: Arial,sans-serif;\">wdra\u017camy elektroniczne systemy wsparcia sprzeda\u017cy dla wskazanych kana\u0142\u00f3w dystrybucyjnych,<\/span><\/li>\n<li><span style=\"font-family: Arial,sans-serif;\">tworzymy procedury skutecznej sprzeda\u017cny i monitorujemy efekty wdro\u017conych rozwi\u0105za\u0144,<\/span><\/li>\n<li><span style=\"font-family: Arial,sans-serif;\">zapewniamy niezb\u0119dne narz\u0119dzia i innowacyjne technologie sprzeda\u017cy.<\/span><\/li>\n<\/ul>\n<p><strong><span style=\"font-family: Arial,sans-serif;\">REALIZACJE<\/span><\/strong><\/p>\n<ul>\n<li><span style=\"font-family: Arial,sans-serif;\">sklep internetowy oferuj\u0105cy produkty z zakresu uszczelnie\u0144 i profili dla firm produkcyjnych i rzemios\u0142a \u2013 <a href=\"http:\/\/www.uszczelki.info.pl\/\">www.uszczelki.info.pl<\/a><\/span><\/li>\n<li><span style=\"font-family: Arial,sans-serif;\">sklep sprzeda\u017cy wysy\u0142kowej system\u00f3w do zabudowy wn\u0119k, szaf i garder\u00f3b \u2013 <a href=\"http:\/\/www.szuflandia.info.pl\/\">www.szuflandia.info<\/a><\/span><\/li>\n<li><span style=\"font-family: Arial,sans-serif;\">specjalistyczny sklep z zakresu system\u00f3w grzewczych dla klient\u00f3w indywidualnych, firm deweloperskich oraz firm instalacyjnych &#8211; <a href=\"http:\/\/www.tanie-ogrzewanie.pl\/\">www.tanie-ogrzewanie.pl<\/a><\/span><\/li>\n<li><span style=\"font-family: Arial,sans-serif;\">sklep specjalizuj\u0105cy si\u0119 w doradztwie i sprzeda\u017cy profesjonalnego sprz\u0119tu \u0142\u0105czno\u015bci radiowej &#8211; <a href=\"http:\/\/www.cb-radio.info.pl\/\">www.cb-radio.info.pl<\/a><\/span><\/li>\n<li><span style=\"font-family: Arial,sans-serif;\">platforma handlowa do obs\u0142ugi firm transportowych oraz przedsi\u0119biorstw produkuj\u0105cych i serwisuj\u0105cych samochody ci\u0119\u017carowe &#8211; <a href=\"http:\/\/www.autoakcesoria.com.pl\/\">www.autoakcesoria.com.pl<\/a><\/span><\/li>\n<li><span style=\"font-family: Arial,sans-serif;\">sprzeda\u017c wysy\u0142kowa <\/span><span style=\"font-family: Arial,sans-serif;\">produkt\u00f3w elektroinstalacyjnych <\/span>\u2013<a href=\"http:\/\/www.300energia.com\/\"><span style=\"font-family: Arial,sans-serif;\">www.300energia.com<\/span><\/a><\/li>\n<li><span style=\"font-family: Arial,sans-serif;\">internetowy sklep sprzeda\u017cy przedmiot\u00f3w u\u017cytkowych do wystroju domu i ogrodu <\/span>\u2013<span style=\"font-family: Arial,sans-serif;\"><strong> <\/strong><a href=\"http:\/\/www.4decor.pl\/\">www.4decor.pl<\/a><\/span><\/li>\n<\/ul>\n<p>&nbsp;<\/p>\n<p><a href=\"http:\/\/www.ism.com.pl\/index.php\/kontakt\/\"><strong><span style=\"font-family: Arial,sans-serif;\">Kontakt<\/span><\/strong><\/a><\/p>\n","protected":false},"excerpt":{"rendered":"<p>Nasz\u0105 specjalno\u015bci\u0105 sta\u0142y si\u0119 elektroniczne systemy wsparcia sprzeda\u017cy z wykorzystaniem nowoczesnych rozwi\u0105za\u0144 informatycznych. Efekt w postaci rosn\u0105cej geometrycznie sprzeda\u017cy, to po\u0142\u0105czenie wysokiej technologii, bezpo\u015bredniej wsp\u00f3\u0142pracy z producentami i dystrybutorami oraz zaawansowanych rozwi\u0105za\u0144 logistycznych. OFERTA wdra\u017camy elektroniczne systemy wsparcia sprzeda\u017cy dla wskazanych kana\u0142\u00f3w dystrybucyjnych, tworzymy procedury skutecznej sprzeda\u017cny i monitorujemy efekty wdro\u017conych rozwi\u0105za\u0144, zapewniamy niezb\u0119dne narz\u0119dzia [&hellip;]<\/p>\n","protected":false},"author":5,"featured_media":0,"parent":499,"menu_order":3,"comment_status":"open","ping_status":"open","template":"","meta":[],"aioseo_notices":[],"_links":{"self":[{"href":"https:\/\/www.ism.com.pl\/index.php\/wp-json\/wp\/v2\/pages\/268"}],"collection":[{"href":"https:\/\/www.ism.com.pl\/index.php\/wp-json\/wp\/v2\/pages"}],"about":[{"href":"https:\/\/www.ism.com.pl\/index.php\/wp-json\/wp\/v2\/types\/page"}],"author":[{"embeddable":true,"href":"https:\/\/www.ism.com.pl\/index.php\/wp-json\/wp\/v2\/users\/5"}],"replies":[{"embeddable":true,"href":"https:\/\/www.ism.com.pl\/index.php\/wp-json\/wp\/v2\/comments?post=268"}],"version-history":[{"count":20,"href":"https:\/\/www.ism.com.pl\/index.php\/wp-json\/wp\/v2\/pages\/268\/revisions"}],"predecessor-version":[{"id":416,"href":"https:\/\/www.ism.com.pl\/index.php\/wp-json\/wp\/v2\/pages\/268\/revisions\/416"}],"up":[{"embeddable":true,"href":"https:\/\/www.ism.com.pl\/index.php\/wp-json\/wp\/v2\/pages\/499"}],"wp:attachment":[{"href":"https:\/\/www.ism.com.pl\/index.php\/wp-json\/wp\/v2\/media?parent=268"}],"curies":[{"name":"wp","href":"https:\/\/api.w.org\/{rel}","templated":true}]}}