{"id":248,"date":"2010-04-09T10:37:42","date_gmt":"2010-04-09T08:37:42","guid":{"rendered":"http:\/\/www.ism.com.pl\/?page_id=248"},"modified":"2014-02-07T12:33:31","modified_gmt":"2014-02-07T11:33:31","slug":"reklama-pocztowa-mailing","status":"publish","type":"page","link":"https:\/\/www.ism.com.pl\/index.php\/reklama\/reklama-pocztowa-mailing\/","title":{"rendered":"Reklama Pocztowa (mailing)"},"content":{"rendered":"<p><!-- \t\t@page { size: 21cm 29.7cm; margin: 2cm } \t\tP { margin-bottom: 0.21cm } --><\/p>\n<p><!-- \t\t@page { size: 21cm 29.7cm; margin: 2cm } \t\tP { margin-bottom: 0.21cm } --><\/p>\n<p>Reklamowa przesy\u0142ka pocztowa jest form\u0105 dotarcia do okre\u015blonej, cz\u0119sto zadeklarowanej (prenumerator) grupy odbiorc\u00f3w, na podstawie stworzonych baz danych. W wersji elektronicznej staje si\u0119 optymaln\u0105 w obs\u0142udze oraz wydajn\u0105 i efektywn\u0105 w dzia\u0142aniu form\u0105 zwrotnej komunikacji.<\/p>\n<p>Najpopularniejsze formy reklamy;<\/p>\n<ul>\n<li>list<\/li>\n<\/ul>\n<ul>\n<li>ulotka<\/li>\n<\/ul>\n<ul>\n<li>newsletter<\/li>\n<\/ul>\n<p><a href=\"http:\/\/www.ism.com.pl\/index.php\/marketing-ism\/slownik-reklamy\/\">wi\u0119cej informacji w s\u0142owniku<\/a><\/p>\n<p><strong>Mailing<\/strong> to sprawdzona skuteczno\u015b\u0107 w reklamie us\u0142ug bankowych i ubezpieczeniowych.<\/p>\n<p><span style=\"font-family: Arial,sans-serif;\"><br \/>\n<\/span><\/p>\n<p><!-- \t\t@page { size: 21cm 29.7cm; margin: 2cm } \t\tP { margin-bottom: 0.21cm } \t\tA:link { color: #000080; so-language: zxx; text-decoration: underline } \t\tA:visited { color: #800000; so-language: zxx; text-decoration: underline } --><!-- \t\t@page { size: 21cm 29.7cm; margin: 2cm } \t\tP { margin-bottom: 0.21cm } --><\/p>\n","protected":false},"excerpt":{"rendered":"<p>Reklamowa przesy\u0142ka pocztowa jest form\u0105 dotarcia do okre\u015blonej, cz\u0119sto zadeklarowanej (prenumerator) grupy odbiorc\u00f3w, na podstawie stworzonych baz danych. W wersji elektronicznej staje si\u0119 optymaln\u0105 w obs\u0142udze oraz wydajn\u0105 i efektywn\u0105 w dzia\u0142aniu form\u0105 zwrotnej komunikacji. Najpopularniejsze formy reklamy; list ulotka newsletter wi\u0119cej informacji w s\u0142owniku Mailing to sprawdzona skuteczno\u015b\u0107 w reklamie us\u0142ug bankowych i ubezpieczeniowych.<\/p>\n","protected":false},"author":5,"featured_media":0,"parent":270,"menu_order":5,"comment_status":"open","ping_status":"open","template":"","meta":[],"aioseo_notices":[],"_links":{"self":[{"href":"https:\/\/www.ism.com.pl\/index.php\/wp-json\/wp\/v2\/pages\/248"}],"collection":[{"href":"https:\/\/www.ism.com.pl\/index.php\/wp-json\/wp\/v2\/pages"}],"about":[{"href":"https:\/\/www.ism.com.pl\/index.php\/wp-json\/wp\/v2\/types\/page"}],"author":[{"embeddable":true,"href":"https:\/\/www.ism.com.pl\/index.php\/wp-json\/wp\/v2\/users\/5"}],"replies":[{"embeddable":true,"href":"https:\/\/www.ism.com.pl\/index.php\/wp-json\/wp\/v2\/comments?post=248"}],"version-history":[{"count":17,"href":"https:\/\/www.ism.com.pl\/index.php\/wp-json\/wp\/v2\/pages\/248\/revisions"}],"predecessor-version":[{"id":1586,"href":"https:\/\/www.ism.com.pl\/index.php\/wp-json\/wp\/v2\/pages\/248\/revisions\/1586"}],"up":[{"embeddable":true,"href":"https:\/\/www.ism.com.pl\/index.php\/wp-json\/wp\/v2\/pages\/270"}],"wp:attachment":[{"href":"https:\/\/www.ism.com.pl\/index.php\/wp-json\/wp\/v2\/media?parent=248"}],"curies":[{"name":"wp","href":"https:\/\/api.w.org\/{rel}","templated":true}]}}