{"id":1074,"date":"2013-12-28T18:30:11","date_gmt":"2013-12-28T17:30:11","guid":{"rendered":"http:\/\/www.ism.com.pl\/?page_id=1074"},"modified":"2014-02-07T09:50:18","modified_gmt":"2014-02-07T08:50:18","slug":"ulotki-interaktywne","status":"publish","type":"page","link":"https:\/\/www.ism.com.pl\/index.php\/ulotki-interaktywne\/","title":{"rendered":"Ulotki interaktywne"},"content":{"rendered":"<a href='#'  class='tileanchor' topost='0' id='tile-0'><div class='tile normal' style='background-image:url(https:\/\/www.ism.com.pl\/wp-content\/themes\/modern-metro\/includes\/metroicons\/white\/128\/office_to_do_bar_white_128.png); background-color:#3191f3;'><div class='bottom-label'>\n\t\t\t\t\t<p><h4 class='tile-title '><\/h4><\/p><\/div><\/div><\/a>\n<p>&nbsp;<\/p>\n<p>Tradycyjna drukowana ulotka jeszcze 10 lat temu by\u0142a jedn\u0105 z podstawowych form reklamy dla ma\u0142ych i \u015brednich firm. Rozw\u00f3j medi\u00f3w elektronicznych sprawi\u0142, \u017ce <strong>obecnie s\u0105 znacznie ta\u0144sze i bardziej skuteczne metody reklamy<\/strong>. Niestety nawet firmy, kt\u00f3re w ostatnich latach zdecydowa\u0142y si\u0119 na wykorzystanie witryn internetowych do promocji swoich us\u0142ug i produkt\u00f3w, napotykaj\u0105 na typowy problem &#8211; klient nie chce czyta\u0107 i analizowa\u0107 oferty.<br \/>\nDlatego ponad 8 lat temu rozpocz\u0119li\u015bmy produkcj\u0119 pierwszych ulotek interaktywnych, kt\u00f3rych celem by\u0142o nie tylko pokazanie cech produktu oraz wynikaj\u0105cych z niego korzy\u015bci dla klient\u00f3w, ale przede wszystkim dowod\u00f3w na to, \u017ce korzy\u015bci te s\u0105 osi\u0105galne. Dzisiaj ta wyj\u0105tkowa formu\u0142a jest dost\u0119pna dla Ciebie &#8211; <strong>wykorzystaj j\u0105, by zdoby\u0107 przewag\u0119 nad konkurencj\u0105<\/strong>.<\/p>\n<p>&nbsp;<\/p>\n<div class=\"dontsplit\"><\/p>\n<p><div class='shortcode frame borderbox smallline' style='border-color:#ffffff;'><div class='inside'><\/p>\n<p>Obecnie klient oferuje Ci tylko kilkadziesi\u0105t sekund swojej uwagi. Od Ciebie zale\u017c,y czy wykorzystasz ten czas w 100% na skuteczn\u0105 prezentacj\u0119 swojego produktu lub us\u0142ugi.<\/p>\n<p><\/div><\/div><\/p>\n<p><\/div>\n<p>&nbsp;<\/p>\n<p><strong>To co najwa\u017cniejsze<\/strong><\/p>\n<ul>\n<li>maksymalne wykorzystanie uwagi klienta,<\/li>\n<li>obraz jest najlepszym dowodem dla prezentowanych cech i korzy\u015bci,<\/li>\n<li>informacja zwrotna ilustruj\u0105ce reakcj\u0119 klient\u00f3w.<\/li>\n<\/ul>\n<p>Spos\u00f3b dystrybucji produkt\u00f3w i us\u0142ug zmienia si\u0119 w radykalnie. Tradycyjne formy prezentacji takie jak wystawa sklepowa w handlu detalicznym lub targi bran\u017cowe, kt\u00f3re by\u0142y podstaw\u0105 nawi\u0105zania kontakt\u00f3w mi\u0119dzy firmami odchodz\u0105 do przesz\u0142o\u015bci. Gdzie zaprezentujesz swoj\u0105 ofert\u0119, kto j\u0105 zobaczy, gdy jedynym sposobem b\u0119dzie op\u0142acenie miejsca na p\u00f3\u0142kach hipermarket\u00f3w i galerii, kt\u00f3re wypar\u0142y z rynku Twoich dotychczasowych partner\u00f3w? To jedna z przyczyn doprowadzaj\u0105cych firmy handlowo-produkcyjne aktualnie do upadku. Nawet je\u015bli ich produkty pojawi\u0142y si\u0119 w ofercie sklep\u00f3w wysy\u0142kowych oraz na aukcjach internetowych, okaza\u0142o si\u0119, \u017ce za mikroskopijn\u0105 mar\u017c\u0119 \u017caden e-sklep nie zbuduje wok\u00f3\u0142 ich produktu marketingu, o inwestycji w reklam\u0119 nie wspominaj\u0105c. Je\u015bli chcesz, by co\u015b by\u0142o zrobione, to zajmij si\u0119 tym osobi\u015bcie.<\/p>\n[video\u00a0 url=&#8221;http:\/\/www.youtube.com\/watch?v=NSn21YPF5d0&#8243;]\n<p>Nasza formu\u0142a ulotki interaktywnej najlepiej sprawdza si\u0119 w prezentacji konkretnych produkt\u00f3w i rozwi\u0105za\u0144. Sprawia, \u017ce klient dostrzega to, czego nie zobaczy\u0142 u konkurencji, daje mu poczucie bezpiecze\u0144stwa i wi\u0119kszej satysfakcji z zakupu. Mo\u017cesz j\u0105 wykorzysta\u0107 i dopasowa\u0107 do ju\u017c posiadanych form przekazu lub jeszcze bardziej wzmocni\u0107 korzystaj\u0105c z naszych <a title=\"Platformy dla e-biznesu\" href=\"http:\/\/www.ism.com.pl\/index.php\/platformy-dla-e-biznesu\">platform dla e-biznesu<\/a>.<\/p>\n<p>&nbsp;<\/p>\n<a href='http:\/\/www.ism.com.pl\/index.php\/kontakt'  class='tileanchor' topost='0' id='tile-0'><div class='tile panoramic nobg noborder'>\n\t\t\t\t<div class='featured bgcenter smallgroup fleft' style='background-image:url(); background-color:#ff8e1e;'>\n\t\t\t\t\t<div class='featured bgcenter bgnorpt' style='background-image:url(https:\/\/www.ism.com.pl\/wp-content\/themes\/modern-metro\/includes\/metroicons\/white\/48\/mobile_contact_white_48.png);'><\/div>\n\t\t\t\t<\/div>\n\t\t\t\t<p class=' xsmallline xsmalllinetop'>Kontakt<\/p>\n\t\t\t\t<p class='tertiary xsmallline '>Nasz infolinia<\/p>\n\t\t\t\t<p><\/p>\n\t\t\t<\/div><\/a>\n<p>&nbsp;<\/p>\n","protected":false},"excerpt":{"rendered":"<p>&nbsp; Tradycyjna drukowana ulotka jeszcze 10 lat temu by\u0142a jedn\u0105 z podstawowych form reklamy dla ma\u0142ych i \u015brednich firm. Rozw\u00f3j medi\u00f3w elektronicznych sprawi\u0142, \u017ce obecnie s\u0105 znacznie ta\u0144sze i bardziej skuteczne metody reklamy. Niestety nawet firmy, kt\u00f3re w ostatnich latach zdecydowa\u0142y si\u0119 na wykorzystanie witryn internetowych do promocji swoich us\u0142ug i produkt\u00f3w, napotykaj\u0105 na typowy [&hellip;]<\/p>\n","protected":false},"author":5402,"featured_media":0,"parent":0,"menu_order":0,"comment_status":"closed","ping_status":"closed","template":"","meta":[],"aioseo_notices":[],"_links":{"self":[{"href":"https:\/\/www.ism.com.pl\/index.php\/wp-json\/wp\/v2\/pages\/1074"}],"collection":[{"href":"https:\/\/www.ism.com.pl\/index.php\/wp-json\/wp\/v2\/pages"}],"about":[{"href":"https:\/\/www.ism.com.pl\/index.php\/wp-json\/wp\/v2\/types\/page"}],"author":[{"embeddable":true,"href":"https:\/\/www.ism.com.pl\/index.php\/wp-json\/wp\/v2\/users\/5402"}],"replies":[{"embeddable":true,"href":"https:\/\/www.ism.com.pl\/index.php\/wp-json\/wp\/v2\/comments?post=1074"}],"version-history":[{"count":24,"href":"https:\/\/www.ism.com.pl\/index.php\/wp-json\/wp\/v2\/pages\/1074\/revisions"}],"predecessor-version":[{"id":1558,"href":"https:\/\/www.ism.com.pl\/index.php\/wp-json\/wp\/v2\/pages\/1074\/revisions\/1558"}],"wp:attachment":[{"href":"https:\/\/www.ism.com.pl\/index.php\/wp-json\/wp\/v2\/media?parent=1074"}],"curies":[{"name":"wp","href":"https:\/\/api.w.org\/{rel}","templated":true}]}}